se 13?
98
-1151 (base 6) to base 4
-10123
2111 (base 3) to base 9
74
-23 (base 16) to base 3
-1022
What is -4 (base 13) in base 12?
-4
-18 (base 11) to base 4
-103
What is 310 (base 5) in base 4?
1100
What is 0 (base 14) in base 8?
0
2 (base 3) to base 10
2
0 (base 6) to base 13
0
What is -84 (base 10) in base 11?
-77
Convert -266 (base 9) to base 4.
-3132
Convert -101 (base 2) to base 15.
-5
11 (base 2) to base 7
3
Convert 0 (base 10) to base 7.
0
What is -9 (base 13) in base 10?
-9
Convert -1202 (base 3) to base 8.
-57
254 (base 9) to base 5
1321
Convert 140 (base 5) to base 12.
39
What is -101101010 (base 2) in base 13?
-21b
What is 16 (base 8) in base 16?
e
Convert 31 (base 4) to base 7.
16
Convert -1002 (base 3) to base 6.
-45
101 (base 3) to base 13
a
Convert -26 (base 14) to base 10.
-34
-246 (base 7) to base 15
-8c
What is -1a1 (base 13) in base 15?
-150
10 (base 5) to base 10
5
Convert 109 (base 10) to base 16.
6d
Convert -64 (base 8) to base 5.
-202
Convert -1 (base 3) to base 11.
-1
What is 7 (base 12) in base 7?
10
What is 28 (base 13) in base 8?
42
What is -1 (base 8) in base 9?
-1
-b (base 12) to base 16
-b
-10100000 (base 2) to base 3
-12221
What is 14 (base 9) in base 6?
21
118 (base 9) to base 5
343
What is 4 (base 12) in base 10?
4
Convert -5b (base 13) to base 7.
-136
What is -63 (base 8) in base 13?
-3c
-2 (base 16) to base 12
-2
43 (base 6) to base 4
123
0 (base 5) to base 14
0
Convert 2 (base 11) to base 2.
10
What is -4 (base 5) in base 15?
-4
8a (base 16) to base 10
138
Convert 2 (base 4) to base 10.
2
What is -1220 (base 4) in base 7?
-206
Convert -22 (base 4) to base 12.
-a
-2 (base 7) to base 6
-2
17 (base 12) to base 15
14
-15 (base 11) to base 5
-31
8 (base 15) to base 9
8
-2 (base 11) to base 3
-2
Convert 1 (base 3) to base 12.
1
Convert -340 (base 5) to base 8.
-137
Convert -4 (base 12) to base 14.
-4
What is 1a4 (base 15) in base 5?
3004
Convert -22 (base 9) to base 11.
-19
-21 (base 3) to base 11
-7
Convert -13 (base 7) to base 2.
-1010
Convert 25 (base 16) to base 11.
34
Convert -2 (base 6) to base 8.
-2
-7 (base 11) to base 13
-7
-4 (base 14) to base 9
-4
-7 (base 10) to base 15
-7
34 (base 6) to base 13
19
Convert -183 (base 9) to base 16.
-9c
Convert 1 (base 10) to base 5.
1
What is 2 (base 12) in base 3?
2
Convert 1 (base 14) to base 8.
1
9 (base 10) to base 2
1001
Convert -24 (base 10) to base 8.
-30
-1 (base 7) to base 8
-1
What is -11 (base 3) in base 6?
-4
What is 11 (base 5) in base 13?
6
1221 (base 3) to base 16
34
Convert -30 (base 9) to base 7.
-36
4 (base 9) to base 3
11
What is -7 (base 14) in base 13?
-7
-154 (base 8) to base 6
-300
What is 7 (base 8) in base 10?
7
What is 25 (base 9) in base 3?
212
10 (base 6) to base 8
6
Convert -7 (base 13) to base 14.
-7
What is -44 (base 14) in base 13?
-48
Convert -101 (base 2) to base 10.
-5
131 (base 4) to base 15
1e
Convert 2 (base 7) to base 12.
2
Convert 2 (base 10) to base 3.
2
-11 (base 11) to base 5
-22
Convert -2 (base 13) to base 6.
-2
What is 9 (base 12) in base 2?
1001
What is 22 (base 3) in base 10?
8
What is 1b (base 12) in base 16?
17
Convert -5 (base 15) to base 2.
-101
What is 1 (base 7) in base 4?
1
What is -18 (base 9) in base 4?
-101
59 (base 13) to base 12
62
What is -105 (base 6) in base 16?
-29
1002 (base 5) to base 11
106
Convert 39 (base 12) to base 9.
50
Convert 1 (base 12) to base 13.
1
Convert -128 (base 11) to base 2.
-10010111
1 (base 15) to base 7
1
What is 46 (base 15) in base 8?
102
Convert -111 (base 3) to base 10.
-13
What is -1 (base 10) in base 16?
-1
What is 15 (base 12) in base 14?
13
What is -1 (base 16) in base 7?
-1
-5 (base 11) to base 14
-5
-1000101 (base 2) to base 15
-49
14 (base 9) to base 7
16
50 (base 6) to base 9
33
Convert 266 (base 13) to base 11.
354
What is 45 (base 9) in base 11?
38
a (base 12) to base 5
20
What is 14d (base 14) in base 16?
109
Convert -12 (base 10) to base 14.
-c
-22 (base 3) to base 10
-8
Convert -b (base 13) to base 12.
-b
Convert -8 (base 15) to base 14.
-8
120 (base 3) to base 2
1111
What is 196 (base 15) in base 13?
222
Convert -30 (base 6) to base 5.
-33
-210 (base 3) to base 16
-15
-153 (base 8) to base 15
-72
Convert 11 (base 4) to base 14.
5
Convert 10 (base 2) to base 11.
2
What is -3 (base 6) in base 11?
-3
-1 (base 11) to base 16
-1
Convert -10 (base 5) to base 11.
-5
What is -4 (base 12) in base 10?
-4
Convert 101111 (base 2) to base 10.
47
What is -215 (base 6) in base 8?
-123
What is -101 (base 10) in base 14?
-73
Convert 24 (base 15) to base 2.
100010
Convert -11 (base 2) to base 4.
-3
0 (base 15) to base 16
0
What is -59 (base 13) in base 4?
-1022
Convert -10 (base 4) to base 8.
-4
Convert -2123 (base 5) to base 7.
-561
Convert 6b (base 13) to base 2.
1011001
What is 93 (base 11) in base 5?
402
What is -10010 (base 2) in base 5?
-33
Convert 2 (base 13) to base 16.
2
What is -9 (base 14) in base 9?
-10
Convert 5 (base 15) to base 13.
5
Convert 21 (base 5) to base 16.
b
-10010010 (base 2) to base 7
-266
Convert -20 (base 7) to base 15.
-e
-b (base 12) to base 3
-102
-321 (base 5) to base 13
-68
Convert 20 (base 8) to base 13.
13
What is -104 (base 7) in base 5?
-203
What is 77 (base 9) in base 13?
55
What is 25 (base 6) in base 4?
101
0 (base 15) to base 10
0
What is 4 (base 10) in base 13?
4
Convert -4 (base 11) to base 10.
-4
662 (base 7) to base 14
1a2
Convert 13 (base 15) to base 4.
102
Convert 111100 (base 2) to base 9.
66
Convert -326 (base 7) to base 15.
-b2
Convert 9 (base 16) to base 11.
9
What is -24 (base 10) in base 11?
-22
Convert -1 (base 2) to base 16.
-1
What is -1 (base 9) in base 10?
-1
Convert -1 (base 11) to base 6.
-1
Convert 12 (base 6) to base 12.
8
Convert 2 (base 14) to base 11.
2
210 (base 3) to base 14
17
What is 0 (base 3) in base 2?
0
4 (base 9) to base 11
4
Convert -11 (base 5) to base 14.
-6
What is 20 (base 12) in base 5?
44
Convert 2 (base 7) to base 13.
2
Convert 1111 (base 4) to base 5.
320
-3 (base 7) to base 9
-3
What is -5 (base 11) in base 16?
-5
-79 (base 12) to base 4
-1131
Convert -2 (base 15) to base 5.
-2
What is -3 (base 14) in base 10?
-3
Convert -51 (base 11) to base 15.
-3b
1 (base 16) to base 5
1
Convert -10011110 (base 2) to base 8.
-236
-2 (base 5) to base 2
-10
Convert 5 (base 14) to base 3.
12
Convert -15 (base 10) to base 2.
-1111
What is -65 (base 12) in base 6?
-205
214 (base 7) to base 3
11001
Convert 4 (base 13) to base 5.
4
Convert -1 (base 10) to base 2.
-1
Convert -7 (base 9) to base 4.
-13
What is 2 (base 12) in base 14?
2
3 (base 14) to base 2
11
42 (base 8) to base 2
100010
-6 (base 15) to base 3
-20
Convert 33 (base 14) to base 5.
140
What is 0 (base 2) in base 14?
0
What is 3 (base 16) in base 14?
3
-1031 (base 4) to base 13
-5c
What is 372 (base 9) in base 11?
260
What is -13 (base 12) in base 16?
-f
What is -1 (base 5) in base 14?
-1
Convert 20 (base 6) to base 2.
1100
Convert 20 (base 4) to base 12.
8
What is -10222 (base 3) in base 2?
-1101011
Convert -233 (base 10) to base 4.
-3221
Convert 42 (base 7) to base 13.
24
What is 12 (base 4) in base 15?
6
What is -11110 (base 2) in base 10?
-30
What is -24 (base 13) in base 12?
-26
What is b5 (base 14) in base 15?
a9
-1 (base 10) to base 13
-1
-162 (base 11) to base 6
-513
43 (base 9) to base 16
27
What is 2 (base 3) in base 10?
2
11 (base 3) to base 14
4
-4 (base 14) to base 7
-4
What is -200 (base 8) in base 4?
-2000
What is -2c (base 14) in base 6?
-104
Convert 101 (base 5) to base 7.
35
Convert 3 (base 14) to base 9.
3
204 (base 6) to base 5
301
What is 87 (base 13) in base 15?
76
What is -92 (base 11) in base 15?
-6b
24 (base 15) to base 2
100010
What is 42 (base 6) in base 5?
101
What is -2120 (base 3) in base 7?
-126
1202 (base 4) to base 14
70
Convert 14 (base 13) to base 12.
15
-10 (base 2) to base 13
-2
What is -32 (base 4) in base 12?
-12
Convert 2 (base 14) to base 6.
2
-11 (base 2) to base 9
-3
Convert 306 (base 7) to base 6.
413
Convert -3 (base 10) to base 11.
-3
-1 (base 15) to base 12
-1
What is -23 (base 15) in base 6?
-53
Convert -15 (base 15) to base 6.
-32
Convert -101 (base 7) to base 10.
-50
78 (base 14) to base 13
82
What is -4 (base 7) in base 16?
-4
What is -8 (base 14) in base 9?
-8
29 (base 13) to base 6
55
Convert 3 (base 